re the prime factors of 631446?
2, 3, 19, 29, 191
What are the prime factors of 666975?
3, 5, 8893
List the prime factors of 1730036.
2, 7, 11, 41, 137
List the prime factors of 136504.
2, 113, 151
List the prime factors of 215227.
137, 1571
List the prime factors of 1787483.
61, 29303
List the prime factors of 32116883.
32116883
What are the prime factors of 2911790?
2, 5, 7, 41597
List the prime factors of 1377966.
2, 3, 83, 2767
What are the prime factors of 7280813?
199, 36587
What are the prime factors of 6594686?
2, 7, 41, 11489
What are the prime factors of 1244635?
5, 7, 43, 827
What are the prime factors of 405003?
3, 127, 1063
What are the prime factors of 2722528?
2, 149, 571
What are the prime factors of 2549395?
5, 509879
What are the prime factors of 2400852?
2, 3, 29, 6899
What are the prime factors of 135393?
3, 45131
What are the prime factors of 118859?
13, 41, 223
What are the prime factors of 209750?
2, 5, 839
List the prime factors of 2772280.
2, 5, 7, 9901
List the prime factors of 1975251.
3, 658417
List the prime factors of 647118.
2, 3, 35951
What are the prime factors of 128705?
5, 25741
List the prime factors of 29737328.
2, 1858583
What are the prime factors of 123415?
5, 24683
List the prime factors of 1449547.
11, 131777
What are the prime factors of 857077?
13, 65929
What are the prime factors of 463729?
7, 31, 2137
What are the prime factors of 408768?
2, 3, 2129
List the prime factors of 1478508.
2, 3, 123209
What are the prime factors of 196982?
2, 98491
What are the prime factors of 108630?
2, 3, 5, 17, 71
List the prime factors of 2768259.
3, 13, 70981
List the prime factors of 439496.
2, 137, 401
What are the prime factors of 2734600?
2, 5, 11, 113
What are the prime factors of 228856?
2, 28607
List the prime factors of 1187955.
3, 5, 26399
What are the prime factors of 887042?
2, 13, 109, 313
List the prime factors of 6463295.
5, 1292659
List the prime factors of 236560.
2, 5, 2957
List the prime factors of 19942136.
2, 2492767
List the prime factors of 107101.
107101
What are the prime factors of 2213181?
3, 245909
List the prime factors of 899863.
899863
What are the prime factors of 619065?
3, 5, 13757
What are the prime factors of 441500?
2, 5, 883
What are the prime factors of 1917106?
2, 958553
What are the prime factors of 6080382?
2, 3, 7, 11, 41, 107
What are the prime factors of 2005392?
2, 3, 41, 1019
What are the prime factors of 3590783?
7, 23, 22303
List the prime factors of 133224.
2, 3, 7, 13, 61
List the prime factors of 9737477.
83, 117319
List the prime factors of 293077.
37, 89
List the prime factors of 25972025.
5, 1038881
List the prime factors of 162019.
11, 13, 103
List the prime factors of 547973.
47, 89, 131
What are the prime factors of 31826255?
5, 157, 40543
What are the prime factors of 10767889?
11, 19, 51521
List the prime factors of 2252684.
2, 7, 43, 1871
What are the prime factors of 2975580?
2, 3, 5, 61, 271
What are the prime factors of 108663?
3, 29, 1249
What are the prime factors of 9792284?
2, 2448071
What are the prime factors of 2922171?
3, 7, 227, 613
What are the prime factors of 652786?
2, 23, 617
List the prime factors of 124255.
5, 24851
What are the prime factors of 231033?
3, 11, 7001
What are the prime factors of 177374?
2, 131, 677
List the prime factors of 249820.
2, 5, 12491
What are the prime factors of 3135524?
2, 7, 113, 991
What are the prime factors of 3478599?
3, 128837
List the prime factors of 213764.
2, 53441
What are the prime factors of 102189?
3, 23, 1481
List the prime factors of 11467946.
2, 7, 41, 19979
What are the prime factors of 5396648?
2, 79, 8539
List the prime factors of 825084.
2, 3, 13, 41, 43
List the prime factors of 453444.
2, 3, 29, 1303
List the prime factors of 25112910.
2, 3, 5, 17, 41, 1201
List the prime factors of 366836.
2, 293, 313
List the prime factors of 2178437.
137, 15901
What are the prime factors of 104335?
5, 7, 11, 271
List the prime factors of 186409.
19, 9811
What are the prime factors of 1204429?
19, 63391
What are the prime factors of 555609?
3, 167, 1109
List the prime factors of 230087.
11, 13, 1609
List the prime factors of 3056388.
2, 3, 254699
What are the prime factors of 647317?
11, 83, 709
What are the prime factors of 180341?
7, 25763
What are the prime factors of 131068?
2, 7, 31, 151
What are the prime factors of 340628?
2, 31, 41, 67
What are the prime factors of 66590?
2, 5, 6659
List the prime factors of 21595959.
3, 7, 11, 2833
List the prime factors of 2702536.
2, 337817
List the prime factors of 455935.
5, 67, 1361
List the prime factors of 10152101.
331, 30671
List the prime factors of 389649.
3, 13, 97, 103
List the prime factors of 283015.
5, 23, 107
List the prime factors of 12575192.
2, 7, 41, 5477
What are the prime factors of 9283652?
2, 7, 233, 1423
List the prime factors of 14076804.
2, 3, 7, 103, 1627
What are the prime factors of 25182330?
2, 3, 5, 101, 8311
What are the prime factors of 9004203?
3, 13, 17, 503
What are the prime factors of 1327341?
3, 442447
List the prime factors of 113928.
2, 3, 47, 101
What are the prime factors of 839815?
5, 101, 1663
List the prime factors of 97721.
13, 7517
List the prime factors of 166492.
2, 107, 389
What are the prime factors of 4131211?
7, 331, 1783
List the prime factors of 311645.
5, 157, 397
What are the prime factors of 149784?
2, 3, 79
List the prime factors of 2405936.
2, 13, 43, 269
List the prime factors of 5781683.
17, 181, 1879
What are the prime factors of 215884?
2, 31, 1741
What are the prime factors of 2560390?
2, 5, 7, 79, 463
List the prime factors of 168202.
2, 37, 2273
What are the prime factors of 1137142?
2, 31, 18341
List the prime factors of 54660.
2, 3, 5, 911
What are the prime factors of 373757?
373757
List the prime factors of 943506.
2, 3, 23, 43, 53
What are the prime factors of 4829003?
17, 284059
What are the prime factors of 703089?
3, 78121
What are the prime factors of 31413737?
71, 442447
What are the prime factors of 1431626?
2, 7, 102259
What are the prime factors of 166431?
3, 29, 1913
What are the prime factors of 1341355?
5, 268271
What are the prime factors of 227417?
277, 821
List the prime factors of 3054072.
2, 3, 7, 53
What are the prime factors of 188160?
2, 3, 5, 7
What are the prime factors of 3670611?
3, 7, 103, 1697
What are the prime factors of 6719913?
3, 17, 167, 263
List the prime factors of 9578844.
2, 3, 11, 733
List the prime factors of 10807383.
3, 3602461
List the prime factors of 231189.
3, 7, 101, 109
List the prime factors of 13321827.
3, 163, 1009
List the prime factors of 253450.
2, 5, 37, 137
List the prime factors of 747974.
2, 373987
What are the prime factors of 1770297?
3, 590099
What are the prime factors of 1819517?
7, 71, 523
List the prime factors of 1632115.
5, 449, 727
What are the prime factors of 1087693?
19, 23, 131
List the prime factors of 12379847.
47, 263401
List the prime factors of 6227864.
2, 89, 8747
What are the prime factors of 5639034?
2, 3, 939839
What are the prime factors of 115270?
2, 5, 11527
List the prime factors of 2747016.
2, 3, 38153
What are the prime factors of 816369?
3, 503, 541
List the prime factors of 1032185.
5, 7, 11, 383
List the prime factors of 235109.
7, 33587
What are the prime factors of 441978?
2, 3, 19, 3877
List the prime factors of 576067.
449, 1283
What are the prime factors of 21580034?
2, 7, 1541431
What are the prime factors of 69520?
2, 5, 11, 79
List the prime factors of 14264076.
2, 3, 59, 20147
List the prime factors of 172236.
2, 3, 31, 463
What are the prime factors of 1157916?
2, 3, 96493
List the prime factors of 956608.
2, 14947
List the prime factors of 139554.
2, 3, 7753
What are the prime factors of 296141?
43, 71, 97
What are the prime factors of 248818?
2, 47, 2647
What are the prime factors of 6274897?
6274897
List the prime factors of 321177.
3, 151, 709
What are the prime factors of 70865?
5, 14173
List the prime factors of 205857.
3, 89, 257
List the prime factors of 909139.
7, 11, 11807
List the prime factors of 1915595.
5, 11, 29, 1201
What are the prime factors of 7703949?
3, 11, 19, 1117
List the prime factors of 208997.
208997
What are the prime factors of 53076?
2, 3, 4423
What are the